 common divisor of 80 and 14720?
80
Calculate the highest common divisor of 546 and 42.
42
What is the highest common factor of 1920 and 30?
30
What is the greatest common divisor of 7 and 34?
1
What is the greatest common divisor of 42 and 102?
6
Calculate the highest common divisor of 23 and 2921.
23
What is the highest common divisor of 484 and 836?
44
Calculate the highest common divisor of 20 and 13.
1
What is the highest common divisor of 73 and 584?
73
Calculate the highest common factor of 888 and 36.
12
What is the highest common divisor of 703 and 185?
37
Calculate the greatest common divisor of 144 and 208.
16
Calculate the greatest common divisor of 91 and 28.
7
What is the highest common divisor of 1647 and 9?
9
Calculate the greatest common factor of 98 and 882.
98
What is the greatest common divisor of 25 and 7825?
25
What is the greatest common factor of 90 and 1230?
30
Calculate the greatest common factor of 254 and 381.
127
What is the greatest common factor of 17983 and 14?
7
What is the highest common factor of 539 and 33?
11
Calculate the greatest common factor of 198 and 11.
11
Calculate the greatest common factor of 1575 and 245.
35
What is the highest common divisor of 162 and 378?
54
Calculate the greatest common divisor of 63 and 483.
21
What is the greatest common divisor of 39 and 689?
13
Calculate the greatest common factor of 783 and 435.
87
What is the highest common divisor of 748 and 204?
68
Calculate the greatest common divisor of 11 and 319.
11
Calculate the greatest common factor of 31 and 992.
31
What is the greatest common divisor of 33125 and 53?
53
Calculate the greatest common divisor of 120 and 48.
24
What is the highest common factor of 94 and 7426?
94
What is the greatest common divisor of 11849 and 82?
41
What is the greatest common divisor of 7 and 217?
7
Calculate the highest common divisor of 10673 and 13.
13
Calculate the greatest common divisor of 31 and 8401.
31
Calculate the highest common divisor of 28 and 6839.
7
Calculate the greatest common divisor of 1440 and 27.
9
What is the greatest common factor of 4 and 196?
4
What is the highest common divisor of 432 and 8100?
108
Calculate the highest common divisor of 1677 and 39.
39
What is the highest common factor of 179 and 12709?
179
What is the greatest common factor of 34 and 391?
17
What is the highest common factor of 731 and 918?
17
What is the greatest common divisor of 3783 and 78?
39
What is the highest common factor of 1161 and 27?
27
Calculate the greatest common factor of 672 and 21.
21
What is the highest common factor of 34 and 17?
17
Calculate the greatest common factor of 76 and 1900.
76
What is the highest common divisor of 2 and 244?
2
Calculate the greatest common divisor of 250 and 75.
25
Calculate the highest common divisor of 9716 and 28.
28
What is the greatest common divisor of 17 and 8?
1
Calculate the greatest common divisor of 5175 and 23.
23
What is the greatest common factor of 36 and 96?
12
What is the highest common divisor of 540 and 780?
60
What is the greatest common divisor of 69 and 1587?
69
What is the greatest common factor of 7436 and 169?
169
Calculate the greatest common divisor of 501 and 334.
167
What is the greatest common divisor of 12 and 192?
12
Calculate the greatest common divisor of 32 and 8.
8
Calculate the highest common divisor of 119 and 35.
7
Calculate the greatest common factor of 7640 and 4.
4
Calculate the greatest common factor of 576 and 36.
36
Calculate the greatest common factor of 174 and 12.
6
What is the highest common factor of 35 and 259?
7
Calculate the greatest common factor of 7410 and 30.
30
Calculate the highest common factor of 301 and 5633.
43
Calculate the highest common divisor of 2 and 81.
1
What is the greatest common divisor of 20763 and 27?
27
What is the highest common factor of 1224 and 3876?
204
What is the greatest common factor of 2561 and 13?
13
Calculate the greatest common divisor of 114 and 150.
6
What is the highest common factor of 55 and 3784?
11
Calculate the greatest common divisor of 394 and 72.
2
What is the highest common divisor of 78 and 504?
6
Calculate the highest common divisor of 1859 and 676.
169
What is the highest common factor of 616 and 506?
22
Calculate the highest common divisor of 45 and 81.
9
Calculate the greatest common factor of 848 and 12614.
106
What is the highest common divisor of 58 and 13311?
29
Calculate the greatest common divisor of 372 and 27.
3
Calculate the highest common divisor of 19 and 437.
19
What is the greatest common divisor of 8 and 1432?
8
Calculate the greatest common divisor of 13792 and 32.
32
Calculate the greatest common factor of 23 and 253.
23
Calculate the greatest common factor of 630 and 25.
5
Calculate the highest common divisor of 4 and 26.
2
Calculate the highest common factor of 168 and 4648.
56
What is the greatest common divisor of 440 and 7700?
220
What is the highest common factor of 21 and 217?
7
Calculate the greatest common divisor of 112 and 1120.
112
Calculate the greatest common factor of 132 and 1254.
66
Calculate the greatest common divisor of 1491 and 24.
3
What is the greatest common factor of 244 and 4?
4
What is the greatest common divisor of 21 and 3423?
21
What is the greatest common factor of 7 and 875?
7
Calculate the highest common factor of 504 and 280.
56
Calculate the greatest common factor of 15 and 285.
15
What is the highest common divisor of 63 and 15813?
63
Calculate the greatest common factor of 248 and 24.
8
Calculate the highest common divisor of 4387 and 856.
107
What is the greatest common factor of 21 and 633?
3
Calculate the highest common divisor of 365 and 657.
73
What is the greatest common divisor of 4060 and 1260?
140
Calculate the highest common factor of 14 and 4914.
14
Calculate the greatest common divisor of 2074 and 976.
122
Calculate the highest common divisor of 240 and 2510.
10
Calculate the greatest common factor of 4617 and 162.
81
What is the greatest common factor of 54479 and 347?
347
What is the highest common divisor of 793 and 13?
13
What is the greatest common divisor of 166 and 415?
83
Calculate the highest common divisor of 16 and 3440.
16
What is the greatest common factor of 642 and 11128?
214
What is the greatest common divisor of 4266 and 108?
54
What is the highest common divisor of 4845 and 1530?
255
What is the greatest common divisor of 3 and 324?
3
Calculate the highest common factor of 1463 and 22.
11
What is the highest common factor of 164 and 19844?
164
What is the highest common factor of 189 and 1071?
63
Calculate the greatest common factor of 2160 and 15.
15
What is the highest common divisor of 195 and 260?
65
What is the highest common divisor of 4163 and 23?
23
Calculate the greatest common factor of 5781 and 41.
41
What is the highest common factor of 370 and 5?
5
What is the greatest common divisor of 63 and 3423?
21
What is the greatest common factor of 536 and 32?
8
Calculate the highest common divisor of 298 and 10.
2
Calculate the greatest common divisor of 247 and 325.
13
What is the greatest common factor of 6 and 642?
6
What is the highest common factor of 187 and 55?
11
What is the highest common divisor of 12860 and 20?
20
What is the greatest common factor of 156 and 42?
6
What is the highest common divisor of 324 and 3492?
36
What is the greatest common divisor of 55 and 1?
1
Calculate the highest common factor of 1121 and 59.
59
What is the greatest common factor of 84 and 294?
42
Calculate the highest common factor of 156 and 90.
6
Calculate the greatest common divisor of 480 and 18.
6
What is the highest common factor of 87 and 2117?
29
What is the greatest common factor of 10 and 548?
2
Calculate the highest common factor of 280 and 168.
56
What is the greatest common factor of 2768 and 288?
16
Calculate the greatest common factor of 40 and 1345.
5
Calculate the highest common factor of 8873 and 19.
19
Calculate the greatest common divisor of 117 and 312.
39
What is the highest common factor of 3458 and 28?
14
Calculate the greatest common factor of 123 and 6.
3
Calculate the highest common factor of 1079 and 83.
83
Calculate the greatest common factor of 144 and 336.
48
What is the highest comm